{"id":62,"date":"2025-01-28T17:04:59","date_gmt":"2025-01-28T17:04:59","guid":{"rendered":"https:\/\/test.ilerweb.net\/bronca\/?page_id=62"},"modified":"2026-03-17T16:29:13","modified_gmt":"2026-03-17T16:29:13","slug":"albert-kadmon","status":"publish","type":"page","link":"https:\/\/bronca.es\/?page_id=62","title":{"rendered":"Albert Kadmon"},"content":{"rendered":"\n<p>Albert Kadmon (Lleida, 1992) es escritor, traductor y guionista.<\/p>\n\n\n<div class=\"wp-block-image\">\n<figure class=\"alignleft size-full is-resized\"><img loading=\"lazy\" decoding=\"async\" width=\"150\" height=\"150\" src=\"https:\/\/bronca.es\/wp-content\/uploads\/2026\/03\/kadmonperfil-150x150-1.jpg\" alt=\"\" class=\"wp-image-398\" style=\"width:188px;height:auto\" srcset=\"https:\/\/bronca.es\/wp-content\/uploads\/2026\/03\/kadmonperfil-150x150-1.jpg 150w, https:\/\/bronca.es\/wp-content\/uploads\/2026\/03\/kadmonperfil-150x150-1-100x100.jpg 100w\" sizes=\"auto, (max-width: 150px) 100vw, 150px\" \/><\/figure>\n<\/div>\n\n\n<p>Autor de novelas de ficci\u00f3n como <em>Ciudad Tumba<\/em> (Editorial Cerbero, 2017) o <em>Samskara<\/em> (Cazador de ratas, 2019), pueden encontrarse algunos de sus relatos en antolog\u00edas de g\u00e9nero fant\u00e1stico o en revistas como Supersonic. Colabor\u00f3 en la\u00a0 colectiva <em>Bronwyn y el monstruo de cuatro cabezas<\/em> (Sociedad J\u00fapiter, 2019), la primera obra de bizarro ambientada en Lleida. Su trayectoria tambi\u00e9n aborda el ensayo comparativo, como es el caso de <em>Panero y la Antipsiquiatr\u00eda: Dolor, Magia y Locura<\/em> (Antipersona 2017). Fanzinero dram\u00e1tico, colabora con art\u00edculos en la infame Editorial Pathosformel. Como traductor ha estado trabajando en novelas de Iain McWarburg de pr\u00f3xima publicaci\u00f3n y sus guiones de c\u00f3mic est\u00e1n espl\u00e9ndidamente ilustrados por Ximi en el cat\u00e1logo de la Asociaci\u00f3n Bronca. Actualmente reside en la interzona del infierno rural ilerdense.<\/p>\n","protected":false},"excerpt":{"rendered":"<p>Albert Kadmon (Lleida, 1992) es escritor, traductor y guionista. Autor de novelas de ficci\u00f3n como Ciudad Tumba (Editorial Cerbero, 2017) o Samskara (Cazador de ratas, 2019), pueden encontrarse algunos de [&hellip;]<\/p>\n","protected":false},"author":1,"featured_media":0,"parent":0,"menu_order":0,"comment_status":"closed","ping_status":"closed","template":"","meta":{"footnotes":""},"class_list":["post-62","page","type-page","status-publish","hentry"],"jetpack_sharing_enabled":true,"_links":{"self":[{"href":"https:\/\/bronca.es\/index.php?rest_route=\/wp\/v2\/pages\/62","targetHints":{"allow":["GET"]}}],"collection":[{"href":"https:\/\/bronca.es\/index.php?rest_route=\/wp\/v2\/pages"}],"about":[{"href":"https:\/\/bronca.es\/index.php?rest_route=\/wp\/v2\/types\/page"}],"author":[{"embeddable":true,"href":"https:\/\/bronca.es\/index.php?rest_route=\/wp\/v2\/users\/1"}],"replies":[{"embeddable":true,"href":"https:\/\/bronca.es\/index.php?rest_route=%2Fwp%2Fv2%2Fcomments&post=62"}],"version-history":[{"count":5,"href":"https:\/\/bronca.es\/index.php?rest_route=\/wp\/v2\/pages\/62\/revisions"}],"predecessor-version":[{"id":413,"href":"https:\/\/bronca.es\/index.php?rest_route=\/wp\/v2\/pages\/62\/revisions\/413"}],"wp:attachment":[{"href":"https:\/\/bronca.es\/index.php?rest_route=%2Fwp%2Fv2%2Fmedia&parent=62"}],"curies":[{"name":"wp","href":"https:\/\/api.w.org\/{rel}","templated":true}]}}