{"id":79,"date":"2025-01-28T17:14:21","date_gmt":"2025-01-28T17:14:21","guid":{"rendered":"https:\/\/test.ilerweb.net\/bronca\/?page_id=79"},"modified":"2026-03-17T16:33:46","modified_gmt":"2026-03-17T16:33:46","slug":"mina","status":"publish","type":"page","link":"https:\/\/bronca.es\/?page_id=79","title":{"rendered":"Mina"},"content":{"rendered":"<div class=\"wp-block-image\">\n<figure class=\"alignleft size-full\"><img loading=\"lazy\" decoding=\"async\" width=\"150\" height=\"150\" src=\"https:\/\/bronca.es\/wp-content\/uploads\/2026\/03\/marini-150x150-1.jpg\" alt=\"\" class=\"wp-image-416\" srcset=\"https:\/\/bronca.es\/wp-content\/uploads\/2026\/03\/marini-150x150-1.jpg 150w, https:\/\/bronca.es\/wp-content\/uploads\/2026\/03\/marini-150x150-1-100x100.jpg 100w\" sizes=\"auto, (max-width: 150px) 100vw, 150px\" \/><\/figure>\n<\/div>\n\n\n<p>Marina Ferreira (Goi\u00e2nia, 1994) es una artista audiovisual que ha ejercido como dise\u00f1adora, animadora y modeladora 3D.<\/p>\n\n\n\n<p>De ascendencia brasile\u00f1a, le gustan las pamonhas y los gatos. Puede observ\u00e1rsela en estado salvaje durmiendo amenazante o contemplando anime. Sus pasiones son el dibujo, los juegos y las buenas discusiones pero, por encima de todo, los procesos de creaci\u00f3n anal\u00f3gicos como el punto de cruz, el dibujo, las manualidades, etc.<br>Alg\u00fan d\u00eda ser\u00e1 una legendaria Hacedora de Videojuegos pero hasta entonces vive afincada en Lleida y se conforma con salvar al mundo con t\u00e9cnicas kawaii.<\/p>\n\n\n\n<p><\/p>\n","protected":false},"excerpt":{"rendered":"<p>Marina Ferreira (Goi\u00e2nia, 1994) es una artista audiovisual que ha ejercido como dise\u00f1adora, animadora y modeladora 3D. De ascendencia brasile\u00f1a, le gustan las pamonhas y los gatos. Puede observ\u00e1rsela en [&hellip;]<\/p>\n","protected":false},"author":1,"featured_media":0,"parent":0,"menu_order":0,"comment_status":"closed","ping_status":"closed","template":"","meta":{"footnotes":""},"class_list":["post-79","page","type-page","status-publish","hentry"],"jetpack_sharing_enabled":true,"_links":{"self":[{"href":"https:\/\/bronca.es\/index.php?rest_route=\/wp\/v2\/pages\/79","targetHints":{"allow":["GET"]}}],"collection":[{"href":"https:\/\/bronca.es\/index.php?rest_route=\/wp\/v2\/pages"}],"about":[{"href":"https:\/\/bronca.es\/index.php?rest_route=\/wp\/v2\/types\/page"}],"author":[{"embeddable":true,"href":"https:\/\/bronca.es\/index.php?rest_route=\/wp\/v2\/users\/1"}],"replies":[{"embeddable":true,"href":"https:\/\/bronca.es\/index.php?rest_route=%2Fwp%2Fv2%2Fcomments&post=79"}],"version-history":[{"count":2,"href":"https:\/\/bronca.es\/index.php?rest_route=\/wp\/v2\/pages\/79\/revisions"}],"predecessor-version":[{"id":417,"href":"https:\/\/bronca.es\/index.php?rest_route=\/wp\/v2\/pages\/79\/revisions\/417"}],"wp:attachment":[{"href":"https:\/\/bronca.es\/index.php?rest_route=%2Fwp%2Fv2%2Fmedia&parent=79"}],"curies":[{"name":"wp","href":"https:\/\/api.w.org\/{rel}","templated":true}]}}