{"id":83,"date":"2025-01-28T17:17:54","date_gmt":"2025-01-28T17:17:54","guid":{"rendered":"https:\/\/test.ilerweb.net\/bronca\/?page_id=83"},"modified":"2026-03-17T16:25:53","modified_gmt":"2026-03-17T16:25:53","slug":"ximi","status":"publish","type":"page","link":"https:\/\/bronca.es\/?page_id=83","title":{"rendered":"Ximi"},"content":{"rendered":"<div class=\"wp-block-image\">\n<figure class=\"alignleft size-full\"><img loading=\"lazy\" decoding=\"async\" width=\"150\" height=\"150\" src=\"https:\/\/bronca.es\/wp-content\/uploads\/2026\/03\/fotoximi-150x150-1.jpg\" alt=\"\" class=\"wp-image-402\" srcset=\"https:\/\/bronca.es\/wp-content\/uploads\/2026\/03\/fotoximi-150x150-1.jpg 150w, https:\/\/bronca.es\/wp-content\/uploads\/2026\/03\/fotoximi-150x150-1-100x100.jpg 100w\" sizes=\"auto, (max-width: 150px) 100vw, 150px\" \/><\/figure>\n<\/div>\n\n\n<p>Ximi nace en 1987 en Lleida y enseguida muestra inter\u00e9s por el dibujo, como todos los putos ni\u00f1os, pero como no se le pasa, pues va haciendo y autoedita su primer c\u00f3mic (Las bolas del drag\u00f3n) en 2003, despu\u00e9s de eso, se dedica a colaborar con diferentes publicaciones y fanzines, como la revista dominical del diario La Ma\u00f1ana, Oveja Negra, la revista sat\u00edrica La Quera, el TMEO, Hijos de Crumb, y otros. Saca varios webc\u00f3mics, entre los que destacan Samaritano (2008), Bronca (2018), Sentimiento (2016) entre otros. Tambi\u00e9n colabora como dise\u00f1ador en diversas campa\u00f1as pol\u00edticas de partidos que ha ido hundiendo personalmente uno a uno.<\/p>\n\n\n\n<p>Es autor, entre otras cosas de la serie <a href=\"https:\/\/bronca.es\/producto\/egoaventuras-5-ximi\" target=\"_blank\" rel=\"noreferrer noopener\">EGOAVENTURAS<\/a>, <a href=\"https:\/\/bronca.es\/producto\/ximis-bronca-ximi\" target=\"_blank\" rel=\"noreferrer noopener\">XIMI&#8217;S BRONCA<\/a>, <a href=\"https:\/\/bronca.es\/producto\/ruina-la-destruccio-del-casc-antic-de-lleida\" target=\"_blank\" rel=\"noreferrer noopener\">RU\u00cfNA<\/a> y ganador del primer premio de Justicia Extrema del Splatterfest 2. Tambi\u00e9n en coeditor del sello <a href=\"https:\/\/bronca.es\/glittercritter\" target=\"_blank\" rel=\"noreferrer noopener\">GLITTER CRITTER<\/a>.<\/p>\n","protected":false},"excerpt":{"rendered":"<p>Ximi nace en 1987 en Lleida y enseguida muestra inter\u00e9s por el dibujo, como todos los putos ni\u00f1os, pero como no se le pasa, pues va haciendo y autoedita su [&hellip;]<\/p>\n","protected":false},"author":1,"featured_media":0,"parent":0,"menu_order":0,"comment_status":"closed","ping_status":"closed","template":"","meta":{"footnotes":""},"class_list":["post-83","page","type-page","status-publish","hentry"],"jetpack_sharing_enabled":true,"_links":{"self":[{"href":"https:\/\/bronca.es\/index.php?rest_route=\/wp\/v2\/pages\/83","targetHints":{"allow":["GET"]}}],"collection":[{"href":"https:\/\/bronca.es\/index.php?rest_route=\/wp\/v2\/pages"}],"about":[{"href":"https:\/\/bronca.es\/index.php?rest_route=\/wp\/v2\/types\/page"}],"author":[{"embeddable":true,"href":"https:\/\/bronca.es\/index.php?rest_route=\/wp\/v2\/users\/1"}],"replies":[{"embeddable":true,"href":"https:\/\/bronca.es\/index.php?rest_route=%2Fwp%2Fv2%2Fcomments&post=83"}],"version-history":[{"count":3,"href":"https:\/\/bronca.es\/index.php?rest_route=\/wp\/v2\/pages\/83\/revisions"}],"predecessor-version":[{"id":404,"href":"https:\/\/bronca.es\/index.php?rest_route=\/wp\/v2\/pages\/83\/revisions\/404"}],"wp:attachment":[{"href":"https:\/\/bronca.es\/index.php?rest_route=%2Fwp%2Fv2%2Fmedia&parent=83"}],"curies":[{"name":"wp","href":"https:\/\/api.w.org\/{rel}","templated":true}]}}