{"id":188,"date":"2025-01-28T18:01:55","date_gmt":"2025-01-28T18:01:55","guid":{"rendered":"https:\/\/test.ilerweb.net\/bronca\/?post_type=product&#038;p=188"},"modified":"2026-01-22T17:46:23","modified_gmt":"2026-01-22T17:46:23","slug":"angry-angy-vol-i-dskarriada-2","status":"publish","type":"product","link":"https:\/\/bronca.es\/?product=angry-angy-vol-i-dskarriada-2","title":{"rendered":"ANGRY ANGY vol. I- Dskarriada"},"content":{"rendered":"","protected":false},"excerpt":{"rendered":"<p>Angry Angy. Es diu Angy i sempre est\u00e0 emprenyada. Una piba que ha heretat el negoci de les missions encobertes amb el que no est\u00e0 gens contenta i que fa el que pot assistida pel seu company fel\u00ed: el Gato.<\/p>\n<p>Morir\u00e0 alg\u00fa avui? El Gato la salvar\u00e0, com sempre? Tornar\u00e0 a tenir el somni aquell dels gossos salsitxa? Massa preguntes per una tia tan fins al cony de tot.<\/p>\n<p>S\u00edlvia Fern\u00e0ndez ens presenta en aquest volum una aventura d\u2019Angry Angy a color, el c\u00f2mic Cheetos o barb\u00e0rie, un munt d\u2019extres i un pr\u00f2leg de Ximi. Qu\u00e8 m\u00e9s necessites per prendre\u2019t un descans?<\/p>\n<p>32 p\u00e0gines. Color.<\/p>\n","protected":false},"featured_media":349,"comment_status":"open","ping_status":"closed","template":"","meta":[],"product_brand":[],"product_cat":[],"product_tag":[],"class_list":{"0":"post-188","1":"product","2":"type-product","3":"status-publish","4":"has-post-thumbnail","7":"first","8":"instock","9":"taxable","10":"shipping-taxable","11":"purchasable","12":"product-type-simple"},"jetpack_sharing_enabled":true,"_links":{"self":[{"href":"https:\/\/bronca.es\/index.php?rest_route=\/wp\/v2\/product\/188","targetHints":{"allow":["GET"]}}],"collection":[{"href":"https:\/\/bronca.es\/index.php?rest_route=\/wp\/v2\/product"}],"about":[{"href":"https:\/\/bronca.es\/index.php?rest_route=\/wp\/v2\/types\/product"}],"replies":[{"embeddable":true,"href":"https:\/\/bronca.es\/index.php?rest_route=%2Fwp%2Fv2%2Fcomments&post=188"}],"wp:featuredmedia":[{"embeddable":true,"href":"https:\/\/bronca.es\/index.php?rest_route=\/wp\/v2\/media\/349"}],"wp:attachment":[{"href":"https:\/\/bronca.es\/index.php?rest_route=%2Fwp%2Fv2%2Fmedia&parent=188"}],"wp:term":[{"taxonomy":"product_brand","embeddable":true,"href":"https:\/\/bronca.es\/index.php?rest_route=%2Fwp%2Fv2%2Fproduct_brand&post=188"},{"taxonomy":"product_cat","embeddable":true,"href":"https:\/\/bronca.es\/index.php?rest_route=%2Fwp%2Fv2%2Fproduct_cat&post=188"},{"taxonomy":"product_tag","embeddable":true,"href":"https:\/\/bronca.es\/index.php?rest_route=%2Fwp%2Fv2%2Fproduct_tag&post=188"}],"curies":[{"name":"wp","href":"https:\/\/api.w.org\/{rel}","templated":true}]}}