{"id":213,"date":"2025-01-28T18:07:34","date_gmt":"2025-01-28T18:07:34","guid":{"rendered":"https:\/\/test.ilerweb.net\/bronca\/?post_type=product&#038;p=213"},"modified":"2025-10-09T17:36:40","modified_gmt":"2025-10-09T17:36:40","slug":"suenan-las-mujeres-con-amigas-electricas-la-bitchisua-2","status":"publish","type":"product","link":"https:\/\/bronca.es\/?product=suenan-las-mujeres-con-amigas-electricas-la-bitchisua-2","title":{"rendered":"\u00bfSue\u00f1an las mujeres con amigas el\u00e9ctricas? &#8211; La Bitchisu\u00e0"},"content":{"rendered":"","protected":false},"excerpt":{"rendered":"<p>\u00bfSue\u00f1an las mujeres con amigas el\u00e9ctricas? \u00bfHinchables quiz\u00e1s? \u00bfExiste la amiga perfecta? \u00bfLo eres t\u00fa?<\/p>\n<p>Trece mujeres; fot\u00f3grafas, ilustradoras, escritoras, poetas, se hacen esas mismas preguntas y nos ofrecen una reflexi\u00f3n sobre la sororidad y la amistad.<\/p>\n<p>Anna Sent\u00eds , Marta Argil\u00e9s, Blanca Lamolla, Maria Gateu, Anna Destefano, Ariadna Segura, Cristina Dejuan, Andrea Gonzalo, Miriam Fuentes, Isabel Elies, Mia Biosca.<\/p>\n<p>Pr\u00f3logo de Quela Font.<\/p>\n<p>40 p\u00e1ginas, bn, grapado.<\/p>\n","protected":false},"featured_media":336,"comment_status":"open","ping_status":"closed","template":"","meta":[],"product_brand":[],"product_cat":[],"product_tag":[],"class_list":{"0":"post-213","1":"product","2":"type-product","3":"status-publish","4":"has-post-thumbnail","7":"first","8":"instock","9":"taxable","10":"shipping-taxable","11":"purchasable","12":"product-type-simple"},"jetpack_sharing_enabled":true,"_links":{"self":[{"href":"https:\/\/bronca.es\/index.php?rest_route=\/wp\/v2\/product\/213","targetHints":{"allow":["GET"]}}],"collection":[{"href":"https:\/\/bronca.es\/index.php?rest_route=\/wp\/v2\/product"}],"about":[{"href":"https:\/\/bronca.es\/index.php?rest_route=\/wp\/v2\/types\/product"}],"replies":[{"embeddable":true,"href":"https:\/\/bronca.es\/index.php?rest_route=%2Fwp%2Fv2%2Fcomments&post=213"}],"wp:featuredmedia":[{"embeddable":true,"href":"https:\/\/bronca.es\/index.php?rest_route=\/wp\/v2\/media\/336"}],"wp:attachment":[{"href":"https:\/\/bronca.es\/index.php?rest_route=%2Fwp%2Fv2%2Fmedia&parent=213"}],"wp:term":[{"taxonomy":"product_brand","embeddable":true,"href":"https:\/\/bronca.es\/index.php?rest_route=%2Fwp%2Fv2%2Fproduct_brand&post=213"},{"taxonomy":"product_cat","embeddable":true,"href":"https:\/\/bronca.es\/index.php?rest_route=%2Fwp%2Fv2%2Fproduct_cat&post=213"},{"taxonomy":"product_tag","embeddable":true,"href":"https:\/\/bronca.es\/index.php?rest_route=%2Fwp%2Fv2%2Fproduct_tag&post=213"}],"curies":[{"name":"wp","href":"https:\/\/api.w.org\/{rel}","templated":true}]}}