{"id":251,"date":"2025-01-28T18:09:38","date_gmt":"2025-01-28T18:09:38","guid":{"rendered":"https:\/\/test.ilerweb.net\/bronca\/?post_type=product&#038;p=251"},"modified":"2025-06-10T17:42:54","modified_gmt":"2025-06-10T17:42:54","slug":"historias-de-tierra-viva-luisa-martina-3","status":"publish","type":"product","link":"https:\/\/bronca.es\/?product=historias-de-tierra-viva-luisa-martina-3","title":{"rendered":"Historias de Tierra Viva &#8211; Luisa Martina"},"content":{"rendered":"<blockquote><p>&nbsp;<\/p><\/blockquote>\n","protected":false},"excerpt":{"rendered":"<p>&nbsp;<\/p>\n<p><a href=\"https:\/\/bronca.es\/glitter-critter\"><img loading=\"lazy\" decoding=\"async\" class=\"aligncenter wp-image-2131 size-large\" src=\"https:\/\/bronca.es\/wp-content\/uploads\/2022\/11\/GC_cabecera_web-1024x261.jpg\" alt=\"\" width=\"980\" height=\"250\" \/><\/a><\/p>\n<p>En alg\u00fan rec\u00f3ndito rinc\u00f3n del tiempo y el espacio se halla Tierra Viva, un lugar hacia el que Champ\u00fa y Feliz van a emprender un viaje que les descubrir\u00e1 un futuro m\u00e1s brillante del que jam\u00e1s hubieran podido imaginar.<\/p>\n<p>Luisa Martina, acompa\u00f1ada por las ilustraciones de Claudia Ginesio y un pr\u00f3logo de Albert Kadmon, nos regala dos relatos llenos de emociones, sensaciones y deseos que no hacen m\u00e1s que acrecentar nuestra esperanza en las palabras que se repiten como un mantra en este mundo fant\u00e1stico&#8230;<\/p>\n<p>&#8230; SIEMPRE LLEGA<\/p>\n<p><em>144 P\u00e1ginas<\/em><br \/>\n<em>10,49 x 15,24 cm<\/em><br \/>\n<em>ISBN: 9798362427856<\/em><\/p>\n","protected":false},"featured_media":305,"comment_status":"open","ping_status":"closed","template":"","meta":[],"product_brand":[],"product_cat":[],"product_tag":[],"class_list":{"0":"post-251","1":"product","2":"type-product","3":"status-publish","4":"has-post-thumbnail","7":"first","8":"instock","9":"taxable","10":"shipping-taxable","11":"purchasable","12":"product-type-simple"},"jetpack_sharing_enabled":true,"_links":{"self":[{"href":"https:\/\/bronca.es\/index.php?rest_route=\/wp\/v2\/product\/251","targetHints":{"allow":["GET"]}}],"collection":[{"href":"https:\/\/bronca.es\/index.php?rest_route=\/wp\/v2\/product"}],"about":[{"href":"https:\/\/bronca.es\/index.php?rest_route=\/wp\/v2\/types\/product"}],"replies":[{"embeddable":true,"href":"https:\/\/bronca.es\/index.php?rest_route=%2Fwp%2Fv2%2Fcomments&post=251"}],"wp:featuredmedia":[{"embeddable":true,"href":"https:\/\/bronca.es\/index.php?rest_route=\/wp\/v2\/media\/305"}],"wp:attachment":[{"href":"https:\/\/bronca.es\/index.php?rest_route=%2Fwp%2Fv2%2Fmedia&parent=251"}],"wp:term":[{"taxonomy":"product_brand","embeddable":true,"href":"https:\/\/bronca.es\/index.php?rest_route=%2Fwp%2Fv2%2Fproduct_brand&post=251"},{"taxonomy":"product_cat","embeddable":true,"href":"https:\/\/bronca.es\/index.php?rest_route=%2Fwp%2Fv2%2Fproduct_cat&post=251"},{"taxonomy":"product_tag","embeddable":true,"href":"https:\/\/bronca.es\/index.php?rest_route=%2Fwp%2Fv2%2Fproduct_tag&post=251"}],"curies":[{"name":"wp","href":"https:\/\/api.w.org\/{rel}","templated":true}]}}