{"id":252,"date":"2025-01-28T18:09:38","date_gmt":"2025-01-28T18:09:38","guid":{"rendered":"https:\/\/test.ilerweb.net\/bronca\/?post_type=product&#038;p=252"},"modified":"2025-10-09T17:26:39","modified_gmt":"2025-10-09T17:26:39","slug":"egoaventuras-5-ximi-2","status":"publish","type":"product","link":"https:\/\/bronca.es\/?product=egoaventuras-5-ximi-2","title":{"rendered":"Egoaventuras 5 &#8211; Ximi"},"content":{"rendered":"","protected":false},"excerpt":{"rendered":"<p><strong>DISTOP\u00cdA<\/strong><br \/>\n<em>Del lat. mod. dystopia, y este del gr. \u03b4\u03c5\u03c3- dys- y utopia &#8216;utop\u00eda&#8217;.<\/em><\/p>\n<p>1. f. Representaci\u00f3n ficticia de una sociedad de caracter\u00edsticas negativas causantes de la alienaci\u00f3n humana.<\/p>\n<p><strong>EGOAVENTURA<\/strong><br \/>\n<em>Del lat. ego &#8216;yo&#8217;, y del lat. advent\u016bra &#8216;lo que va a venir&#8217;.<\/em><\/p>\n<p>1. f. Lo mismo pero con girito.<\/p>\n<p>Nueva entrega de la serie <a href=\"https:\/\/bronca.es\/?s=egoaventuras&amp;post_type=product\" target=\"_blank\" rel=\"noopener\">EGOAVENTURAS <\/a>de <a href=\"https:\/\/twitter.com\/ximicomics\" target=\"_blank\" rel=\"noopener\">Ximi<\/a>, con ilustraciones de <a href=\"https:\/\/www.instagram.com\/vposino\" target=\"_blank\" rel=\"noopener\">V\u00edctor Posino<\/a> y un flamante pr\u00f3logo de <a href=\"https:\/\/twitter.com\/JaimeLorite_\" target=\"_blank\" rel=\"noopener\">Jaime Lorite<\/a>.<\/p>\n","protected":false},"featured_media":333,"comment_status":"open","ping_status":"closed","template":"","meta":[],"product_brand":[],"product_cat":[],"product_tag":[],"class_list":{"0":"post-252","1":"product","2":"type-product","3":"status-publish","4":"has-post-thumbnail","7":"first","8":"instock","9":"taxable","10":"shipping-taxable","11":"purchasable","12":"product-type-simple"},"jetpack_sharing_enabled":true,"_links":{"self":[{"href":"https:\/\/bronca.es\/index.php?rest_route=\/wp\/v2\/product\/252","targetHints":{"allow":["GET"]}}],"collection":[{"href":"https:\/\/bronca.es\/index.php?rest_route=\/wp\/v2\/product"}],"about":[{"href":"https:\/\/bronca.es\/index.php?rest_route=\/wp\/v2\/types\/product"}],"replies":[{"embeddable":true,"href":"https:\/\/bronca.es\/index.php?rest_route=%2Fwp%2Fv2%2Fcomments&post=252"}],"wp:featuredmedia":[{"embeddable":true,"href":"https:\/\/bronca.es\/index.php?rest_route=\/wp\/v2\/media\/333"}],"wp:attachment":[{"href":"https:\/\/bronca.es\/index.php?rest_route=%2Fwp%2Fv2%2Fmedia&parent=252"}],"wp:term":[{"taxonomy":"product_brand","embeddable":true,"href":"https:\/\/bronca.es\/index.php?rest_route=%2Fwp%2Fv2%2Fproduct_brand&post=252"},{"taxonomy":"product_cat","embeddable":true,"href":"https:\/\/bronca.es\/index.php?rest_route=%2Fwp%2Fv2%2Fproduct_cat&post=252"},{"taxonomy":"product_tag","embeddable":true,"href":"https:\/\/bronca.es\/index.php?rest_route=%2Fwp%2Fv2%2Fproduct_tag&post=252"}],"curies":[{"name":"wp","href":"https:\/\/api.w.org\/{rel}","templated":true}]}}