{"id":433,"date":"2026-04-22T10:06:14","date_gmt":"2026-04-22T10:06:14","guid":{"rendered":"https:\/\/bronca.es\/?post_type=product&#038;p=433"},"modified":"2026-04-22T10:23:13","modified_gmt":"2026-04-22T10:23:13","slug":"la-caida-del-tiempo","status":"publish","type":"product","link":"https:\/\/bronca.es\/?product=la-caida-del-tiempo","title":{"rendered":"La ca\u00edda del tiempo &#8211; Max Ross y Luc\u00eda G\u00e1rdez"},"content":{"rendered":"<p>\u00abLa pregunta que se hace todos los d\u00edas es: \u00bfcu\u00e1nto pierdo de m\u00ed mismo cada vez que me adapto a los horrores a los que sobrevivo?\u00bb.<\/p>\n<p>Cuatro a\u00f1os despu\u00e9s de que el primer relato del Soulverso de Luc\u00eda y Max viera la luz, Bronca pone a vuestro alcance una antolog\u00eda en la que se recogen La Cicatriz del Tiempo y La Resistencia del Tiempo, con nuevas y cuidadas ediciones, y La Ca\u00edda del Tiempo, la \u00faltima obra de los autores: una historia in\u00e9dita donde se explora la p\u00e9rdida de la identidad, los efectos m\u00e1s devastadores de la soledad y todo lo que sacrificamos para vivir un d\u00eda m\u00e1s.<\/p>\n<p>Portada de Ximi.<\/p>\n","protected":false},"excerpt":{"rendered":"<p>\u00abLa pregunta que se hace todos los d\u00edas es: \u00bfcu\u00e1nto pierdo de m\u00ed mismo cada vez que me adapto a los horrores a los que sobrevivo?\u00bb.<\/p>\n<p>Cuatro a\u00f1os despu\u00e9s de que el primer relato del Soulverso de Luc\u00eda y Max viera la luz, Bronca pone a vuestro alcance una antolog\u00eda en la que se recogen La Cicatriz del Tiempo y La Resistencia del Tiempo, con nuevas y cuidadas ediciones, y La Ca\u00edda del Tiempo, la \u00faltima obra de los autores: una historia in\u00e9dita donde se explora la p\u00e9rdida de la identidad, los efectos m\u00e1s devastadores de la soledad y todo lo que sacrificamos para vivir un d\u00eda m\u00e1s.<\/p>\n<p>Portada de Ximi.<\/p>\n","protected":false},"featured_media":437,"comment_status":"open","ping_status":"closed","template":"","meta":[],"product_brand":[],"product_cat":[16],"product_tag":[],"class_list":{"0":"post-433","1":"product","2":"type-product","3":"status-publish","4":"has-post-thumbnail","6":"product_cat-sin-categorizar","8":"first","9":"instock","10":"taxable","11":"shipping-taxable","12":"purchasable","13":"product-type-simple"},"jetpack_sharing_enabled":true,"_links":{"self":[{"href":"https:\/\/bronca.es\/index.php?rest_route=\/wp\/v2\/product\/433","targetHints":{"allow":["GET"]}}],"collection":[{"href":"https:\/\/bronca.es\/index.php?rest_route=\/wp\/v2\/product"}],"about":[{"href":"https:\/\/bronca.es\/index.php?rest_route=\/wp\/v2\/types\/product"}],"replies":[{"embeddable":true,"href":"https:\/\/bronca.es\/index.php?rest_route=%2Fwp%2Fv2%2Fcomments&post=433"}],"wp:featuredmedia":[{"embeddable":true,"href":"https:\/\/bronca.es\/index.php?rest_route=\/wp\/v2\/media\/437"}],"wp:attachment":[{"href":"https:\/\/bronca.es\/index.php?rest_route=%2Fwp%2Fv2%2Fmedia&parent=433"}],"wp:term":[{"taxonomy":"product_brand","embeddable":true,"href":"https:\/\/bronca.es\/index.php?rest_route=%2Fwp%2Fv2%2Fproduct_brand&post=433"},{"taxonomy":"product_cat","embeddable":true,"href":"https:\/\/bronca.es\/index.php?rest_route=%2Fwp%2Fv2%2Fproduct_cat&post=433"},{"taxonomy":"product_tag","embeddable":true,"href":"https:\/\/bronca.es\/index.php?rest_route=%2Fwp%2Fv2%2Fproduct_tag&post=433"}],"curies":[{"name":"wp","href":"https:\/\/api.w.org\/{rel}","templated":true}]}}