{"id":435,"date":"2026-04-22T10:18:28","date_gmt":"2026-04-22T10:18:28","guid":{"rendered":"https:\/\/bronca.es\/?post_type=product&#038;p=435"},"modified":"2026-04-22T10:24:46","modified_gmt":"2026-04-22T10:24:46","slug":"concha-la-bitchisua","status":"publish","type":"product","link":"https:\/\/bronca.es\/?product=concha-la-bitchisua","title":{"rendered":"Concha &#8211; La Bitchisu\u00e0"},"content":{"rendered":"<p>\u00bfQu\u00e9 es una concha? \u00bfC\u00f3mo te hace sentir? Esta fue la pregunta que se hicieron les artistas que participan en este fanzine. Diecid\u00e9is artistas unidas por La Bitchisu\u00e0. Pr\u00f3logo de Maria Gateu.<\/p>\n","protected":false},"excerpt":{"rendered":"<p>\u00bfQu\u00e9 es una concha? \u00bfC\u00f3mo te hace sentir? Esta fue la pregunta que se hicieron les artistas que participan en este fanzine. Diecid\u00e9is artistas unidas por La Bitchisu\u00e0. Pr\u00f3logo de Maria Gateu.<\/p>\n","protected":false},"featured_media":438,"comment_status":"open","ping_status":"closed","template":"","meta":[],"product_brand":[],"product_cat":[16],"product_tag":[],"class_list":{"0":"post-435","1":"product","2":"type-product","3":"status-publish","4":"has-post-thumbnail","6":"product_cat-sin-categorizar","8":"first","9":"instock","10":"taxable","11":"shipping-taxable","12":"purchasable","13":"product-type-simple"},"jetpack_sharing_enabled":true,"_links":{"self":[{"href":"https:\/\/bronca.es\/index.php?rest_route=\/wp\/v2\/product\/435","targetHints":{"allow":["GET"]}}],"collection":[{"href":"https:\/\/bronca.es\/index.php?rest_route=\/wp\/v2\/product"}],"about":[{"href":"https:\/\/bronca.es\/index.php?rest_route=\/wp\/v2\/types\/product"}],"replies":[{"embeddable":true,"href":"https:\/\/bronca.es\/index.php?rest_route=%2Fwp%2Fv2%2Fcomments&post=435"}],"wp:featuredmedia":[{"embeddable":true,"href":"https:\/\/bronca.es\/index.php?rest_route=\/wp\/v2\/media\/438"}],"wp:attachment":[{"href":"https:\/\/bronca.es\/index.php?rest_route=%2Fwp%2Fv2%2Fmedia&parent=435"}],"wp:term":[{"taxonomy":"product_brand","embeddable":true,"href":"https:\/\/bronca.es\/index.php?rest_route=%2Fwp%2Fv2%2Fproduct_brand&post=435"},{"taxonomy":"product_cat","embeddable":true,"href":"https:\/\/bronca.es\/index.php?rest_route=%2Fwp%2Fv2%2Fproduct_cat&post=435"},{"taxonomy":"product_tag","embeddable":true,"href":"https:\/\/bronca.es\/index.php?rest_route=%2Fwp%2Fv2%2Fproduct_tag&post=435"}],"curies":[{"name":"wp","href":"https:\/\/api.w.org\/{rel}","templated":true}]}}